{"id":292,"date":"2023-06-15T12:52:42","date_gmt":"2023-06-15T12:52:42","guid":{"rendered":"https:\/\/dummy.xtemos.com\/woodmart2\/kids-elementor\/?post_type=product&#038;p=292"},"modified":"2024-09-11T17:52:18","modified_gmt":"2024-09-11T17:52:18","slug":"climatisation-gainable","status":"publish","type":"product","link":"https:\/\/planetconfort.com\/?product=climatisation-gainable","title":{"rendered":"climatisation gainable"},"content":{"rendered":"","protected":false},"excerpt":{"rendered":"<div id=\"comp-lhosws54\" class=\"HcOXKn c9GqVL QxJLC3 lq2cno comp-lhosws54 wixui-rich-text\" data-testid=\"richTextElement\">\n<p class=\"font_2 wixui-rich-text__text\"><span class=\"wixui-rich-text__text\"><span class=\"color_35 wixui-rich-text__text\">Permet de chauffer ou rafraichir<\/span><\/span><\/p>\n<\/div>\n<div id=\"comp-lhosws572\" class=\"HcOXKn c9GqVL QxJLC3 lq2cno comp-lhosws572 wixui-rich-text\" data-testid=\"richTextElement\">\n<p class=\"font_2 wixui-rich-text__text\"><span class=\"wixui-rich-text__text\"><span class=\"color_35 wixui-rich-text__text\">\u00c9conomique : elle produit 3 \u00e0 4 fois ce qu&#8217;elle consomme<\/span><\/span><\/p>\n<\/div>\n<div id=\"comp-lhosws5b\" class=\"HcOXKn c9GqVL QxJLC3 lq2cno comp-lhosws5b wixui-rich-text\" data-testid=\"richTextElement\">\n<p class=\"font_2 wixui-rich-text__text\"><span class=\"wixui-rich-text__text\"><span class=\"color_35 wixui-rich-text__text\">Silencieuse et esth\u00e9tique : seul les grilles de ventilation sont visibles<\/span><\/span><\/p>\n<\/div>\n<div id=\"comp-lhosws5r1\" class=\"comp-lhosws5r1 wixui-vector-image\">\n<div class=\"AKxYR5 VZYmYf comp-lhosws5r1\" data-testid=\"svgRoot-comp-lhosws5r1\">\u00c9ligible aux aides de l&#8217;\u00e9tat<\/div>\n<\/div>\n<div id=\"comp-lhpwhpy5\" class=\"comp-lhpwhpy5 wixui-vector-image\">\n<div class=\"AKxYR5 VZYmYf comp-lhpwhpy5\" data-testid=\"svgRoot-comp-lhpwhpy5\">Pilotage facile et pr\u00e9cis de la temp\u00e9rature pi\u00e8ce par pi\u00e8ce jusqu&#8217;\u00e0 8 pi\u00e8ces<\/div>\n<\/div>\n","protected":false},"featured_media":2150,"template":"elementor_header_footer","meta":{"om_disable_all_campaigns":false,"_monsterinsights_skip_tracking":false,"_monsterinsights_sitenote_active":false,"_monsterinsights_sitenote_note":"","_monsterinsights_sitenote_category":0,"_joinchat":[]},"product_brand":[],"product_cat":[349],"product_tag":[],"class_list":{"0":"post-292","1":"product","2":"type-product","3":"status-publish","4":"has-post-thumbnail","6":"product_cat-gainable","8":"first","9":"instock","10":"shipping-taxable","11":"product-type-simple"},"jetpack_sharing_enabled":true,"_links":{"self":[{"href":"https:\/\/planetconfort.com\/index.php?rest_route=\/wp\/v2\/product\/292","targetHints":{"allow":["GET"]}}],"collection":[{"href":"https:\/\/planetconfort.com\/index.php?rest_route=\/wp\/v2\/product"}],"about":[{"href":"https:\/\/planetconfort.com\/index.php?rest_route=\/wp\/v2\/types\/product"}],"version-history":[{"count":3,"href":"https:\/\/planetconfort.com\/index.php?rest_route=\/wp\/v2\/product\/292\/revisions"}],"predecessor-version":[{"id":2151,"href":"https:\/\/planetconfort.com\/index.php?rest_route=\/wp\/v2\/product\/292\/revisions\/2151"}],"wp:featuredmedia":[{"embeddable":true,"href":"https:\/\/planetconfort.com\/index.php?rest_route=\/wp\/v2\/media\/2150"}],"wp:attachment":[{"href":"https:\/\/planetconfort.com\/index.php?rest_route=%2Fwp%2Fv2%2Fmedia&parent=292"}],"wp:term":[{"taxonomy":"product_brand","embeddable":true,"href":"https:\/\/planetconfort.com\/index.php?rest_route=%2Fwp%2Fv2%2Fproduct_brand&post=292"},{"taxonomy":"product_cat","embeddable":true,"href":"https:\/\/planetconfort.com\/index.php?rest_route=%2Fwp%2Fv2%2Fproduct_cat&post=292"},{"taxonomy":"product_tag","embeddable":true,"href":"https:\/\/planetconfort.com\/index.php?rest_route=%2Fwp%2Fv2%2Fproduct_tag&post=292"}],"curies":[{"name":"wp","href":"https:\/\/api.w.org\/{rel}","templated":true}]}}